37. Is d composite?
False
Let b(i) be the first derivative of i**4/4 + 13*i**3/3 + 11*i**2/2 + i + 1. Let n(p) = p**2 - 14*p + 33. Let u be n(5). Is b(u) prime?
True
Suppose 0 = -4*m - 2*m + 126. Let z = m + -6. Is (46/(-4))/(z/(-330)) a composite number?
True
Is (-586)/6*-3*11 a composite number?
True
Let g(z) = z**2 + 3*z - 2. Let r be g(-4). Suppose 5*k - r = 3*k + w, -2*k = -3*w + 2. Suppose -3*s + 455 = k*s. Is s composite?
True
Suppose 4*h - 4202 = 4710. Suppose g + 3*z + 232 - 1336 = 0, 0 = 2*g + 2*z - h. Is g prime?
False
Let u(m) = -m**3 + 4*m**2 - 2*m - 3. Let d be u(3). Let f(x) = -40*x - 45*x + 32*x + 2 + d. Is f(-1) composite?
True
Suppose 0 = 3*t + 2*t - 4*s + 3497, -2*t - 1410 = 4*s. Let v = t + 2116. Is v a composite number?
True
Let g = -4 - -8. Is 1 + (-5)/g - 14877/(-36) prime?
False
Let m = -208 - -604. Let j = -126 - -37. Let c = m + j. Is c a prime number?
True
Suppose -2*g + 7*g = -2*k + 27, 5*k + 4*g - 25 = 0. Is -5 + k + 1 - (-790)/1 prime?
True
Suppose -600 = -3*j - 5*k, 2*k = -2*k - 12. Let z = j - 144. Suppose -z = -r - 8. Is r a composite number?
False
Let h = 32 - 29. Suppose 0 = -h*s + 30 - 147. Is (s*1)/(-3) - 0 a composite number?
False
Is (-22)/(-3)*(-2)/(8/(-978)) a composite number?
True
Suppose 524826 = 29*c + 25*c. Is c composite?
False
Suppose 0 = t - 3*t - 3*x - 1047, -2652 = 5*t - 4*x. Let z = t + 1057. Suppose 4*s = 3*j + z, 2*s + 2 = 5*j + 263. Is s composite?
True
Let x be (0 + 4/(-5))*5. Let q be (x + -5)/(1 - 2). Is 6/q + 129/9 a prime number?
False
Let p(k) = 135*k**2 - 2*k + 4. Is p(9) prime?
False
Let w(t) = 2*t**2 - 11*t - 46. Let n(i) = -i**2 + 4*i + 15. Let x(d) = -11*n(d) - 4*w(d). Is x(10) prime?
False
Let f(c) = 267*c + 40. Suppose -7 = 4*q + 5, 0 = 3*h + 3*q - 9. Is f(h) a composite number?
True
Suppose 0*j - 5*j + 110 = 0. Suppose d - j = -4*x, 7 = 4*x - 4*d - 5. Suppose -3*u - 310 = -x*u. Is u prime?
False
Suppose 4*a - 9 = -3*o, -6*o + 2*o + 11 = 5*a. Let g be 0*o/3 - -3. Suppose 3*w - 162 = -g. Is w composite?
False
Let q = -46 + 237. Is q a composite number?
False
Suppose 76 = -4*n - 0*n + 4*a, 4*a - 4 = 0. Let p = n + 26. Is (2 - -2)*74/p prime?
True
Let v(x) = 2*x**2 + 55*x - 116. Is v(-41) composite?
False
Suppose -4*l - 244 - 6796 = -2*j, -l + 3535 = j. Let c = -2475 + j. Is c a composite number?
True
Suppose -6*h = -4*h + 2*q - 2708, -3*h + 4057 = 2*q. Is h composite?
True
Is 4/(-10) - (25272/(-30) - -4) composite?
True
Let a(m) = 825*m - 8. Let t be a(-1). Let j = 1396 + t. Is j a prime number?
True
Let k(f) = -15*f + 2. Let h(p) = -31*p + 5. Let m(s) = 6*h(s) - 14*k(s). Let j be m(5). Let u = j - 69. Is u prime?
True
Let f(k) = 5*k + 6. Let m be 27/18*16/(-6). Let x be f(m). Let g(h) = h**3 + 14*h**2 - 15*h + 13. Is g(x) composite?
False
Is (0 + 6/(-24))/((-1)/1636) composite?
False
Let a(n) = 199*n**2 - 25*n + 91. Is a(10) a composite number?
True
Let s(v) = -347*v**3 + 4*v**2 + 80*v + 331. Is s(-4) a composite number?
False
Let t(y) = 86*y**2 - 7*y - 12. Is t(7) prime?
True
Suppose -3*u - 5*a - 92 = -u, -u - 5*a - 56 = 0. Let p = u - -51. Let r(l) = l**3 - 15*l**2 + 7*l - 16. Is r(p) a prime number?
True
Let j(d) be the second derivative of -d**2 - 337/6*d**3 + 0 - 3*d. Is j(-1) a prime number?
False
Let z be 20/(-130) - (-21966)/(-26). Let s = 128 - z. Is s prime?
False
Suppose 427 = 5*c - 163. Let b = c + -35. Is b composite?
False
Suppose 0 = 5*i - 0*i. Suppose i = -j - j + q + 932, -4*j - q = -1852. Suppose u + 3*y - 448 = -3*u, 4*u - j = y. Is u composite?
True
Let x be (1*-1)/(11/(-8382)). Suppose 0 = -2*y - 4*y + x. Is y composite?
False
Let b(n) = -1012*n + 1369*n + 1185*n + 791*n. Is b(1) a composite number?
False
Let q be -2 + 1 + (0 - 3). Let n be 98 + q/(0 + 2). Let i = -11 + n. Is i a prime number?
False
Let j be (2 - 2/1)/1. Let y be ((-32)/18)/(188/(-846)). Suppose j = -4*z + y, -3*c + 0*c + 2311 = -z. Is c composite?
True
Suppose -23 = -2*b + k, 4*b - k - 61 = -10. Is (-1 + 0)/(b/(-4102)) composite?
False
Let n(i) = 2*i + 4. Let p(c) = -3*c - 7. Let x(z) = 5*n(z) + 3*p(z). Let s be x(-2). Is (1 + 2)/s + 112 composite?
True
Let n(f) = 881*f - 3. Let p be n(6). Suppose 5*i = -4*i + p. Is i composite?
False
Suppose 5*h = -f + 15, 4*h - 8*h = -5*f - 41. Suppose -v - 93 + 624 = h*i, i - 136 = 3*v. Is i a prime number?
False
Let v be -1*(3 + -1) + 7. Suppose 0*g + 3*g - 993 = 3*k, k + 1671 = v*g. Is g prime?
False
Suppose -7*i + 15180 = -i. Suppose -1895 = -3*g - m, -3*m = 2*g + 2*g - i. Is g a composite number?
False
Let j be 2*(-2 - (-14)/4). Let t be ((-6)/(0 + -2))/1. Suppose 246 = j*y + t*w - 0*w, -4*y + 303 = -w. Is y a composite number?
True
Let n be 266/63 - (-4)/(-18). Suppose -5*m + 2*b = -11583, n*m - b - 9265 = 2*b. Is m prime?
False
Let g(r) = 5*r**2 + r - 7. Suppose 3*u - 37 = -u - v, -2*u = 4*v - 8. Is g(u) composite?
False
Suppose 0 = -2*m + 4*p - 9*p + 5458, 0 = 2*m - 4*p - 5422. Is m a composite number?
False
Let z(v) = 3108*v**2 - v - 28. Is z(3) prime?
True
Suppose -x - 6 = -40. Let k = 417 - x. Is k a prime number?
True
Let j(c) = -c**3 - 21*c**2 + 28*c + 8. Let a be j(-21). Is -2*(-12)/8 - a composite?
True
Let f = -5873 + 10408. Suppose -6*w + 2059 = -f. Is w composite?
True
Let p be 5036/((-10 - -4)/(-3)). Suppose p = 3*m + 757. Is m prime?
True
Is ((-6151)/(-3))/(11/66) prime?
False
Is (-174238)/(-8) - 125/(-100) composite?
True
Suppose -2*l + 13 = 5. Suppose 4*w = -l*q + 2 + 6, 0 = 4*q + 5*w - 7. Suppose 0 = 4*k + 3*y - 1219, 0 + 9 = -q*y. Is k prime?
True
Suppose 28760 = p + 6*v - 5*v, p = 2*v + 28763. Is p a composite number?
True
Suppose 7*m - 1087 = 23084. Is m a composite number?
True
Let r = -1916 - -3487. Is r composite?
False
Let n be (2 - -12)*1725/30. Let k = n - 416. Is k prime?
True
Is (3/(-9) - 0)/((-22)/3406194) composite?
True
Let s(a) = a**3 - 13*a**2 + 12*a - 4. Let n be s(9). Let y = n - -471. Is y composite?
False
Suppose 957 = d - 4*v, 2*d - 2602 + 683 = 3*v. Is d a composite number?
True
Suppose -3*x = -23 + 14. Let s(r) = 21*r**3 + 3*r**2 - r + 6. Is s(x) a prime number?
False
Let j = 5122 + 3669. Is j composite?
True
Let v be (2 + 1)/(15/20). Let w be 6 - (0/v)/(-1). Is 207/w - (-15)/(-10) a prime number?
False
Let c(z) = 63*z + 154. Is c(21) prime?
False
Let l = 66302 - 47121. Is l a prime number?
True
Suppose 2*q = -3*q - 4*n + 24531, -2*q + 2*n = -9798. Is q a composite number?
False
Let b(g) = 24*g**3 - g**2 - 7*g + 6. Let v be b(2). Suppose -3*d + v = -1659. Is d composite?
False
Suppose 4*a - 4*p = 62456, -78046 = 3*a - 8*a - 3*p. Is a prime?
False
Let h(f) = f**3 - 5*f**2 + 4*f - 4. Let t be h(4). Let z be (1101/(-5))/(t/60). Is (z/(-6))/(-3)*2 composite?
False
Suppose m - 7604 = -4*o - 2*m, 0 = -5*o + 3*m + 9478. Suppose -5*f - 3*t + 203 = -o, -2*t + 423 = f. Is f a prime number?
True
Suppose 0 = -3*k + 1323 - 453. Suppose -w + k = w. Is w a composite number?
True
Suppose -34*x = -46*x + 23592. Is x prime?
False
Suppose -17*i + 18*i - 2 = 0. Suppose -430 = -i*a + 528. Is a a composite number?
False
Let z = 101786 + -50269. Is z a composite number?
False
Let c = -83 + 147. Let o(q) = c*q + 21*q + 7*q + 1. Is o(2) a composite number?
True
Let w = 22 + -10. Suppose -w*h + 11943 = -7701. Is h a composite number?
False
Let w(g) = -g**3 + 15*g**2 - g - 6. Suppose -7*x + 24 = -5*x. Let r = 1 + x. Is w(r) a composite number?
True
Let j = -476 + -2. Let l = -179 - j. Is l a prime number?
False
Let y(n) = n**3 - 9*n**2 + 3*n + 1. Suppose 2*v - 5*v = 4*j - 60, 0 = -4*j - v + 68. Let z be j*((-11)/(-3) + -3). Is y(z) composite?
True
Let r(g) = -g**3 + 3*g**2 + g - 3. Let c be r(2). Suppose 0 = 3*y + c*q - 5310, 3*y - 1948 = -5*q + 3362. Is y/48 + (-3)/(-24) a composite number?
False
Let h = -17 - -17. Let s = h + 1. Let x(r) = 331*r**3 - r + 1. Is x(s) a composite number?
False
Suppose -39279 - 31890 = -21*w. Is w a prime number?
True
Let s(j) = 11*j**3 + 4*j**2 - 25*j + 47. Is s(10) a prime number?
True
Let t(w) = -35*w - 34. Let h be t(5). Let s = 540 - h. Is s a composite number?
True
Let q(p) = -p**3 - 2*p**2 - p. Let g(m) = m - 10. Let x be g(9). Let s be q(x). Suppose 31 = i - s. Is i a prime number?
True
Let g(q) = 4*q + 3 + 0*q + 0*q + 5*q**2. Let a be g(-5). Suppose 0 = -3*k + a + 138. Is k prime?
False
Let